et t be m(j). What is the highest common factor of 80 and t?
8
Let f(d) = d**2 - d + 22. Let s be f(-8). Calculate the highest common factor of s and 658.
94
Suppose 5*p = -26 - 49. Let z(o) = -o**2 - 17*o + 22. Let q be z(p). What is the greatest common factor of q and 78?
26
Let k = 687 - 398. Suppose k = 11*s + 80. Calculate the highest common factor of s and 57.
19
Suppose -2*i = -39 - 291. Let l = -71 - -335. Suppose -141*v + l = -137*v. What is the greatest common factor of v and i?
33
Let w = 629 - 373. Suppose -k = 47 - w. Calculate the highest common divisor of k and 19.
19
Suppose 68 = 5*p - 9*p. Let j be (-1 - p) + 1*-3. What is the highest common divisor of 13 and j?
13
Let z(g) = g**3 - g**2 - 3*g + 5. Let d be z(5). Let j be 10*((-16)/4 - -5). Calculate the highest common factor of d and j.
10
Suppose 96 - 84 = 3*p. Suppose -5*o + c + 624 = 0, 108 = -3*o + p*o + 4*c. What is the highest common factor of o and 31?
31
Let t(o) = -o**3 - 1. Let f be t(1). Let r be f*4/40*-15. What is the greatest common factor of r and 24?
3
Let i = 7350 - 7322. Suppose 3 = -t + 1, 3*r - 2*t - 592 = 0. What is the greatest common factor of r and i?
28
Suppose -6*q = -22*q + 48. What is the highest common factor of 2 and q?
1
Let t = -33 - -34. Let l be (t - 136/(-6))*15 + -3. Suppose -2*s + 4*s = 64. Calculate the greatest common factor of s and l.
32
Suppose -15810 = 69*x - 84*x. Calculate the highest common factor of 34 and x.
34
Let t(p) = 3*p**2 - p - 29. Let w be t(13). Calculate the highest common factor of w and 30.
15
Let i = -11 - -76. Let q = -51 + i. Calculate the highest common divisor of q and 14.
14
Let c be 17 + (-10)/((-100)/(-90)). What is the greatest common divisor of 152 and c?
8
Let k = -860 - -1003. Calculate the greatest common divisor of 11 and k.
11
Let g be ((-627)/5)/((-276)/920). Suppose 4*a = 72 + 80. What is the greatest common divisor of g and a?
38
Let w = 1342 + -427. What is the greatest common factor of w and 15?
15
Let r = -10 - -34. Suppose 5*v + 5*s = 715, v = 4*s + s + 173. Suppose -428 = -8*a + v. What is the highest common divisor of a and r?
24
Let d be (-10)/(2 - 7) + (-369)/(-3). Calculate the highest common divisor of d and 75.
25
Suppose -314 - 126 = -4*d. What is the greatest common factor of d and 50?
10
Let s be -5*((-10)/(-2) - 16). Calculate the highest common divisor of s and 33.
11
Suppose 3 = 5*d - 2*j, -j - 14 + 5 = 5*d. Let u be ((-25)/10)/(d/12). Calculate the greatest common factor of 20 and u.
10
Let b(q) = q**2 - 5. Suppose -2*y + 5 = -y. Let c be b(y). Let j = -8 + c. What is the highest common divisor of j and 12?
12
Suppose 3*w - 242 + 58 = 2*x, 116 = 2*w + 2*x. What is the greatest common factor of w and 540?
60
Suppose 16*c + 342 = 25*c. Calculate the highest common factor of c and 209.
19
Suppose -3*n - 8 = -a, 6 = a + 2*n + 3. Suppose 0 = 7*y - a*y - 16. Calculate the greatest common divisor of 12 and y.
4
Let b(x) = -1 - 3 + x - 5. Let d be b(9). Suppose -3*a + 63 = -d*a. Calculate the greatest common factor of a and 14.
7
Let y(u) = u + 7. Let q be y(0). Let j be 2*9/3 + -3. Suppose -j*v + 3 = -0. What is the greatest common divisor of v and q?
1
Let t = 153 - 99. Calculate the highest common divisor of 45 and t.
9
Let c = -199 + 211. Suppose -3*l + 390 = 4*k + 86, 4*l = -3*k + 417. What is the highest common divisor of c and l?
12
Suppose 13*z + 2345 = 18*z. Let q = z + -154. What is the greatest common divisor of 35 and q?
35
Let a(y) = y. Let l(p) = -p. Let n(s) = -3*a(s) - 2*l(s). Let r be n(11). Let w = 22 - r. What is the highest common factor of w and 66?
33
Let i(k) = -147*k + 36. Let q be i(-2). Calculate the highest common factor of q and 30.
30
Suppose -8*n = -10*n + 2*x + 240, 3*x = -15. Calculate the highest common factor of 989 and n.
23
Let r be (70/4)/(155/124). Calculate the highest common divisor of 112 and r.
14
Let j(c) = -c**3 + 11*c**2 + 13*c - 3. Let r be j(12). Suppose 3*b = 2*x + r + 38, 16 = b - x. Calculate the greatest common factor of b and 165.
15
Let n(r) = r**3 - 5*r**2 + r + 1. Suppose 5*z + 5 = 3*g, 2*g + 2 - 14 = -z. Let q be n(g). Calculate the greatest common divisor of 6 and q.
6
Suppose 0 = -4*s - 30 + 254. Suppose -2*b + 83 = 27. What is the greatest common divisor of b and s?
28
Let v = -35 - -28. Let h(d) = d**3 + 9*d**2 + 4*d + 2. Let n be h(v). Calculate the highest common divisor of n and 24.
24
Suppose 0 = -5*y + 8 + 62. Suppose 0*x + 2*x = -8*x + 70. Calculate the highest common factor of x and y.
7
Suppose -4*q - 3*a = -q - 69, -3*q = -4*a - 34. Let z = q - 18. Suppose z = 2*i + 2 - 12, -m - 18 = -4*i. What is the highest common factor of 5 and m?
1
Let n be (3 + -6 - -4)*5. Let y = 7 - n. Let w be ((-18)/5)/(y/(-5)). Calculate the highest common factor of w and 72.
9
Let l be (-596)/6 + 2/(-3). Suppose -x = -3*y + 70 - 231, -2*y = 3*x - 461. Let t = l + x. Calculate the highest common factor of t and 5.
5
Let t = 140 + -95. Let r = 647 - 629. Calculate the greatest common factor of r and t.
9
Suppose 3*q - 74 = 37. Suppose c - 11 = 3*f + 134, -591 = -4*c + f. What is the greatest common factor of c and q?
37
Let i(n) = n + 10. Let w be i(-4). Calculate the greatest common divisor of 192 and w.
6
Let x = 134 - 128. Let l = -4 + -6. Let b(z) = -5*z - 2. Let k be b(l). Calculate the greatest common factor of x and k.
6
Let h be 4/10 - 206960/(-100). Calculate the highest common factor of h and 20.
10
Suppose 3*b - v - 493 = -93, 535 = 4*b - 3*v. Calculate the greatest common divisor of b and 21.
7
Let i(o) = o**2 - 2*o + 17. Let b be (-4 - (-132)/16) + 3/(-12). Let y be i(b). Calculate the highest common factor of 125 and y.
25
Let t = -430 + 480. Calculate the highest common divisor of 350 and t.
50
Let d = 110 + -109. Let t(g) = 16*g + 9. Let i be t(d). What is the greatest common factor of 25 and i?
25
Let m(i) = 2*i - 6. Suppose 4*z = -3*z + 28. Let t be m(z). Calculate the highest common factor of t and 5.
1
Let k(z) = -z**2 + 8*z + 1. Let y be k(7). Let b(f) = 13*f - 20. Let g be b(y). Calculate the greatest common factor of g and 56.
28
Suppose -101*h - 152 = -1263. Let g(n) = 26*n. Let l be g(1). Let x = -15 + l. What is the greatest common factor of x and h?
11
Let y(q) = 6*q**2 + q - 1. Let m be y(6). Suppose 4*p = 5*p - m. Let i = -151 + p. Calculate the greatest common divisor of i and 28.
14
Let s be (4 + ((-328)/(-5))/(-4))*-5. Calculate the highest common factor of 217 and s.
31
Let m(r) = -2*r + 4. Suppose -4*h + 14*h = -70. Let d be m(h). What is the highest common divisor of d and 18?
18
Let b be 1*(-2)/(-8)*-4. Let c(g) = -g**2 + 6*g - 4. Let d be c(6). Let w be 4 + 65 + (d - b). What is the greatest common factor of 22 and w?
22
Let s = -535 - -567. Calculate the highest common factor of s and 32.
32
Let u(g) = -2*g**3 - 19*g**2 - 8*g + 74. Let x be u(-12). What is the highest common factor of 20 and x?
10
Let k = -950 + 1346. What is the highest common divisor of k and 36?
36
Let r = 20 - 1. Let m = -15 + r. Suppose -4*v - 3*k - 363 = -7*v, m*k = -4*v + 484. What is the highest common factor of 11 and v?
11
Let v(r) = -r**2 + 10*r + 16. Suppose 5 = 4*b + c - 40, -5*b + 60 = 5*c. Let a be v(b). Calculate the highest common factor of a and 15.
5
Suppose 4*i = -4*o + 48, o = -2*o + 6. Suppose 37 = 4*u - 43. Calculate the greatest common factor of u and i.
10
Let y be (18 - 242)*6/(-4). Calculate the greatest common factor of 48 and y.
48
Suppose 0 = 6*j - 16 - 62. What is the greatest common factor of 26 and j?
13
Let d(g) = -g + 3. Let l be d(-5). What is the highest common divisor of 248 and l?
8
Suppose -3*u = f - 38, f - 4*u = -5*u + 28. Calculate the greatest common factor of f and 7.
1
Suppose 4*g - 66 = 5*p, g - 24 = -0*g + 5*p. Let j = -1124 + 1180. Calculate the highest common divisor of g and j.
14
Let w be (-19)/(190/(-60)) - 74/(-1). Calculate the highest common factor of 170 and w.
10
Let g be ((-18)/(-4))/((-8)/64). Let i = g + 35. Let a be ((-5)/(-10))/(i/(-8)). Calculate the highest common factor of 28 and a.
4
Let y(o) = -o - 4. Let k be y(0). Let b(s) = -5*s - 5*s**2 + 0 + s**3 - s**3 - s**3 + 4. Let f be b(k). What is the highest common factor of f and 8?
8
Let a = -21 - -61. Let z = -100 - -100